*w**3 + 97*w**2 + 22*w - 21. Let b(g) = 3*g**3 - 24*g**2 - 5*g + 5. Let x(l) = 9*b(l) + 2*n(l). Give x(22).
-19
Let i(d) = -d**3 - 6*d**2 - 5*d + 4. Let s be i(-5). Let y be (-24)/(-20)*(4 - (-54)/4). Let k(v) = -3*v + y + 17 - 33. What is k(s)?
-7
Let s(k) = k + 43. Let u be -2 - (3 - -5) - -1. Determine s(u).
34
Let c = 3 + -1. Let v(o) = -1 + 2*o + c*o - o. Suppose -4*t = s + 48 - 39, s + 5 = 0. Determine v(t).
-4
Let y(b) = b**3 - 5*b**2 - 6*b - 4. Let h = 86 - 221. Let v = h - -141. Determine y(v).
-4
Suppose -198*b = -348*b - 1650. Let y(v) = 4*v - 5*v - 24 + 0*v - 3. What is y(b)?
-16
Let k(y) = -5*y + 4. Let g(z) = z. Let m(s) = -3*g(s) - k(s). Let v(b) = -b. Let f(j) = m(j) + v(j). Calculate f(6).
2
Let t(d) = d**3 + 7*d**2 - 4*d - 23. Let h(g) = 68*g + 605. Let j be h(-9). Calculate t(j).
5
Let d = 1249 + -1249. Let t(s) = -2*s + 10. Let q(n) = n - 3. Let w(x) = 11*q(x) + 4*t(x). Give w(d).
7
Let c = -13238 - -13181. Let s(b) = -3*b**3 - 170*b**2 + 56*b - 57. Calculate s(c).
0
Let q(n) = -28 - 3*n + 8 - 13. Let m be q(-14). Let k be 33/m - -3 - (-2)/6. Let d(j) = -j + 3. Calculate d(k).
-4
Let f(m) = -m - 7. Let t(b) = b + 13. Suppose -83 - 7 = 5*a. Let d be t(a). What is f(d)?
-2
Let n be (2/(-3))/(14/(-42)). Suppose -n*g + 16 - 12 = 0. Suppose -g*d - 2*v = 11 - 9, d = 3*v + 7. Let q(f) = -7*f**3 + f**2 - f + 1. Calculate q(d).
-6
Let i(b) be the second derivative of -1/6*b**3 + 1/2*b**2 + 3*b + 19 + 1/12*b**4. Determine i(-2).
7
Let i(t) be the third derivative of -t**5/60 - 3*t**4/8 + 2*t**3/3 + 11*t**2 + 31. Calculate i(-9).
4
Let b(j) = -52*j - 96*j - 1 + 149*j. Suppose 9*l - 11*l + 6 = 0. Suppose -8 = 3*y - 5*a, -l*y + 43 - 15 = 4*a. Give b(y).
3
Let n(h) = 13*h - 98. Suppose -221 + 132 = -4*f + 5*v, 5*f + v - 46 = 0. Give n(f).
45
Let t(w) = -6*w - 2. Suppose 16*x = 15*x + 8. Let s(l) = -21 + 22 + l + 3*l. Let n(b) = x*s(b) + 5*t(b). What is n(3)?
4
Let j = -129 + 128. Let v(h) = -3*h**2 - 4*h - 4. Let p be v(j). Let y(u) = -u**3 - 5*u**2 - 4*u - 1. Give y(p).
-7
Let a(f) = f**3 + 4*f**2 + 2. Let x be -18 + (-21)/(-1) - (1 - 5). Suppose -x*l + 6*l - 2 = 0. Determine a(l).
10
Suppose -2*x = 3*x. Let c(i) be the third derivative of 0 + 13/6*i**3 + 0*i**4 + 2*i + 0*i**5 - 2*i**2 - 1/120*i**6. Calculate c(x).
13
Let o(x) = 7*x**3 + 2*x**2 + 5*x + 7. Let h(w) = -72*w + 2662. Let s be h(37). Give o(s).
-51
Let g(v) = -2*v**2 + 24*v - 11. Let s(p) = 3*p**2 - 36*p + 17. Let x(c) = -5*c**2 - 4*c + 7. Let z be x(-2). Let q(b) = z*s(b) - 8*g(b). Calculate q(10).
-17
Let p(z) = 6*z + 22. Suppose -j + 10 = -s + 24, 0 = -4*j - 4*s. Determine p(j).
-20
Let t be (2/(-6))/(10 - 1001/99). Let n(s) = 2*s**3 - 4*s**2 - 3*s - 7. Determine n(t).
2
Suppose 0 = 37*u - 21*u + 80. Let w(p) = 3*p**3 + 5*p**2 + 7*p - 5. Let j(q) = -q**3 + q**2 - q + 1. Let a(f) = -2*j(f) - w(f). What is a(u)?
-22
Let h(d) = d**2 - 3*d - 5. Let w = -13 + 21. Suppose -2*c + 2*a = -12, c + 4*a = -w + 4. Let f = 8 - c. Give h(f).
-1
Let s(c) = 30*c + 452 - 1384 - 6*c + 450 + 457. Determine s(3).
47
Let k(l) = -3*l + 1. Let t(n) = -8*n - 2. Let m(b) = k(b) - t(b). Give m(2).
13
Suppose 113 = 28*x - 83. Let a(h) = 6*h + 6 - 16 + 4 + x. What is a(-1)?
-5
Let b = -284 - -438. Let m = -129 + b. Let y(a) = a**3 - 24*a**2 - 26*a + 25. Give y(m).
0
Let n be (-16 - 420/(-20))/(10/8). Let r(p) = 431*p**2 - 2*p + 3*p**3 + 5 - 2*p**3 - 435*p**2. Give r(n).
-3
Suppose 4*j - 52 + 16 = -5*u, 0 = -j - 5*u + 24. Suppose -3*c + 4*o = 12, -j*o + 2*o + 12 = -3*c. Let f(b) = -2*b**2 - 10*b - 6. What is f(c)?
2
Let g(c) be the second derivative of -c**5/20 + 7*c**4/12 - 7*c**3/6 - 50*c + 1. Let u be g(2). Let r(f) = -f + 4. Give r(u).
-2
Let p = 585 - 568. Suppose 4*q + p = 29. Let n(f) = -2*f**2 - f + 1. What is n(q)?
-20
Let b(d) = 2*d**3 + 22*d**2 - 21*d + 10. Let r = 14983 - 14995. Calculate b(r).
-26
Let n(q) = 12 - 11 - 2*q + q. Let i(t) = 7*t - 7. Let k = 6 - 5. Let l be i(k). Determine n(l).
1
Let w(y) = y**3 + 17*y**2 - 21*y - 57. Suppose 2*p + 1061 = q + 1083, 0 = -4*q + 2*p - 76. Determine w(q).
-3
Let d(k) = 20*k**3 - 34*k**2 - 2*k - 10. Let w(q) = 11*q**3 - 19*q**2 - q - 5. Let u(a) = 6*d(a) - 11*w(a). Calculate u(5).
-10
Let h(g) = g**2 + 7*g - 21. Let z be h(-10). Let p(r) be the first derivative of r**2/2 - 4*r + 536. Calculate p(z).
5
Let d = -8 + 11. Let i(h) = -h**d + h**3 + h**3 + 5*h + 0*h**3 - 6*h**2. Suppose 3*s - 12 = 3*t, 424*s = 425*s + 2*t - 7. Determine i(s).
0
Let y(d) be the first derivative of -4*d**3/3 + d**2 - d - 13. Let z = -5 + 28. Suppose -4*m - 3*o + z = 0, m = 2*o + 2*o - 18. Calculate y(m).
-13
Suppose 0 = -987*j + 495*j + 501*j + 72. Let a(x) = 5*x**2 + 31*x - 19. Give a(j).
53
Let r(h) = 3*h**2 + 10*h + 19. Let j(x) = -5*x**2 - 15*x - 29. Let o be (-3)/5 - 301/(-35). Let l(g) = o*r(g) + 5*j(g). Suppose 5*a = 2*a + 15. Calculate l(a).
7
Let b(m) = -24*m - 18*m**3 - 78*m**3 - 26*m**2 + 175*m**3 + 3 - 81*m**3. Calculate b(-12).
3
Let l = -4 - 224. Let i be 10/15 + l/(-9). Suppose -5*d = 3*w + 29, -i = 3*w + 4*d - 1. Let a(o) = o**2 + 3*o - 4. What is a(w)?
-4
Let p(s) = 4*s**2 - 23*s + 7. Let t be p(8). Let j = 73 - t. Let o(f) be the third derivative of -5*f**4/24 - 7*f**3/6 + 59*f**2. Calculate o(j).
23
Let t be -8*(-14)/(-4)*(-192)/1344. Let m(u) = 2*u - 4. Calculate m(t).
4
Let g(h) = 2*h**3 + 11*h**2 + 4*h + 4. Let q = 28950 - 28956. What is g(q)?
-56
Let r(z) = -z**3 - 3*z**2 - z + 5. Let u be -1 - ((-68)/(-85))/(2/5). What is r(u)?
8
Let a(n) = -3*n**2 - 8*n - 10. Suppose 14 = 3*u - 3*h - 10, 6 = 3*u + 3*h. Let g(o) = 2*o**2 + 5*o + 6. Let c(m) = u*a(m) + 8*g(m). What is c(0)?
-2
Suppose -124 = -9*k - k + 4*h, -2*h = k - 10. Let p(g) = 5*g - 32. What is p(k)?
28
Let u(w) = -6*w + 64. Let n = -1631 - -1641. Calculate u(n).
4
Let n(o) = 2*o + 27. Let s(i) = i**3 + 65*i**2 + 70*i + 394. Let q be s(-64). Calculate n(q).
47
Let b(n) = -2*n**3 - 15*n**2 - 7*n + 14. Let q be b(-7). Let i = 5 + 6. Suppose -q*m = -i*m. Let y(p) = p**3 + p**2 + 15. Determine y(m).
15
Let g be (23/46)/(5 + (-244)/48). Let a(i) = -i**2 - 2*i**2 - 7*i + 2*i**2. What is a(g)?
6
Let r(v) be the third derivative of v**4/6 - 3*v**3/2 + 349*v**2. What is r(-5)?
-29
Let m be (525/(-12))/(-5) - 18/24. Suppose -3*o = -0*a + 3*a - 18, -5*a + 50 = -5*o. Let h = a - m. Let x(j) = -j**3 - j**2 - j - 17. Calculate x(h).
-17
Let u(r) = -6*r**3 - 4*r**2 + 17*r + 15. Let a(q) = -5*q**3 - 3*q**2 + 14*q + 14. Let m(l) = -5*a(l) + 4*u(l). What is m(3)?
2
Let i(n) = -n**3 + 15*n**2 - 4*n + 4. Suppose -18*r + 25*r - 124 = -19. What is i(r)?
-56
Let d(w) = 2*w**3 + 2*w - 2. Suppose 2*x = 0, 5*x - 1408 = -4*f + 6*x. Let o = 354 - f. Calculate d(o).
18
Let n(x) = -1 - 53*x**2 - x + 161*x**2 + 10*x**3 - 52*x**2 - 59*x**2. Calculate n(-2).
-91
Let a(c) = c**3 - 3*c**2 + 7*c + 2. Let n(r) = 2*r**3 - 2*r**2 + 7*r + 2. Let z(p) = -3*a(p) + 2*n(p). Calculate z(-6).
4
Let u(h) = 55*h - 120. Let i be u(3). Let l be (12/(-9))/(5/i). Let o(p) = p**2 + 13*p + 12. Give o(l).
0
Let f(x) be the third derivative of -13*x**4/6 + x**3/3 - 2399*x**2. Give f(1).
-50
Let m(q) = -17*q**2 - 9*q - 9. Let a(r) = r**2 + 42*r + 431. Let x be a(-18). What is m(x)?
-17
Let x(z) = -18*z - 114. Let r(a) = 21*a - 90. Let g be r(4). Give x(g).
-6
Let a(g) = 2*g**2 - 2*g - 5. Let k(d) = 2*d**2 - 27*d + 40. Let u = -304 - -316. Let r be k(u). Give a(r).
19
Let z be ((-2)/(-7) + 75/(-42))*-2. Suppose z*a - 64 = -91. Let k(f) = f + 14. Determine k(a).
5
Let t(s) be the first derivative of s**4/4 - 7*s + 1. Let c(m) = m + 12. Let i be c(-6). Suppose -76 = -i*r - 76. Determine t(r).
-7
Let i(y) be the first derivative of -y**4/4 + 2*y**3/3 - y**2 - 2*y - 1701. Let k = -18 - -20. What is i(k)?
-6
Let z be 9/(-6)*(1 + -9 - (-1320)/396). Let s(r) = r**2 - 11*r + 5. Determine s(z).
-23
Let c be 0 - (-4)/(-4) - 5. Let a(r) be the first derivative of -r**2/2 + r + 7536. Determine a(c).
7
Let c(z) be the first derivative of -2/3*z**3 + 30 - 4*z - 5/2*z**2. Give c(-3).
-7
Let o be (((-8)/(-6))/(285/(-342)))/(4/(-10)). Let g(y) = y**3 - 5*y**2 + 5*y + 2. Give g(o).
6
Let o(q) = q**2 + q + 1. Suppose 51*b - z + 8 = 52*b, -2*b - 3*z = -21. Calculate o(b).
13
Let g(d) = d**3 + 12*d**2 - 10*d - 6. Let x(c) = -c**2 - 73*c - 289. Let y be x(-69). Dete